-3*a + h + 206411 = 0. List the prime factors of a.
2, 103, 167
Let x be 1 + 10/(-8) + 630/24. Let m(y) = -49*y + 44*y**2 + x - 46*y**2 + 7*y. What are the prime factors of m(-20)?
2, 3, 11
Let g(f) = 461*f**2 - 17*f - 51. Let l be g(-3). Suppose 6*s + 1263 - l = 0. List the prime factors of s.
13, 37
Suppose -x - 2*b = 216, -4*b + 653 - 213 = -2*x. Let w = 315 - x. List the prime factors of w.
13, 41
Let a(q) = q**2 + 3*q + 4. Let d be a(-3). Let g be -20 + 50/5 + 241. Suppose -265 = -d*w + g. What are the prime factors of w?
2, 31
Let w = 79364 + -21836. What are the prime factors of w?
2, 3, 17, 47
Let q = -17 + 1. Suppose -5538 = -282*n - 462. List the prime factors of n*(0 - q/12).
2, 3
Let o = 11287 + 4199. List the prime factors of o.
2, 3, 29, 89
Let k = 4 - -1530. Suppose -h - 3*v = -1306, -5*v - k - 2328 = -3*h. List the prime factors of h.
2, 647
Let y = 65 - -7556. List the prime factors of y.
7621
Let m(q) be the third derivative of q**6/120 + 7*q**4/24 - 5*q**3/2 - 328*q**2. Let n(i) = -i - 2. Let c be n(-7). List the prime factors of m(c).
5, 29
Let m(v) be the third derivative of -v**5/60 + v**4/4 + 82*v**3/3 - 14*v**2. Let s be (1 - 1)/(11 + -10). What are the prime factors of m(s)?
2, 41
List the prime factors of ((-10)/(-8) - 2)*(-23559 + (-2)/2).
2, 3, 5, 19, 31
Let h(w) = -89*w + 5450. What are the prime factors of h(-81)?
12659
Let k(b) = 5*b**3 - 68*b**2 - 18*b + 15. What are the prime factors of k(14)?
5, 31
Let u be (2/(6/(-249)))/1. Let n(p) = -3*p**2 + 3*p - 63. Let m be n(0). Let k = m - u. What are the prime factors of k?
2, 5
Suppose 0 = -9*i + 29*i - 40. List the prime factors of i + 63/(-33) + 33216/44.
5, 151
Let i = 50103 + -31283. List the prime factors of i.
2, 5, 941
Let w = 25709 + -16532. What are the prime factors of w?
3, 7, 19, 23
Let r(m) be the second derivative of 13*m**4/6 - m**3 + 12*m**2 + 46*m. What are the prime factors of r(3)?
2, 3, 5
Let k(a) = 6*a - 5*a**3 + 9 + 5*a**3 - a**3 + 6*a**2. Let o be k(7). Suppose -o*q + 2*s = -q - 10, -25 = -5*s. What are the prime factors of q?
2, 5
Let l(w) = w**2 - 20*w - 47. Let g be l(23). Suppose -5990 = -g*p + 2194. What are the prime factors of p?
2, 3, 31
What are the prime factors of 37081 - (-5)/(-50)*-10?
2, 18541
Let a = -322 - -536. Suppose -66 = -4*r + a. List the prime factors of r.
2, 5, 7
Let k(z) = z**3 - 12*z**2 + 30*z - 6. Let t be k(9). Suppose -t*i = -22*i + 55. What are the prime factors of i?
5, 11
Let m be (511/(-146))/((-1)/4). Suppose 31*n = -m*n + 42300. What are the prime factors of n?
2, 5, 47
Suppose -2*t - k + 32316 = 0, -5*t - 5*k + 15129 = -65666. What are the prime factors of t?
107, 151
Let w(m) = 20*m**2 + 4*m + 5. Let b be 45/27 + 1/3 - 4. Let t be w(b). Suppose 0 = 4*a + 5*q - 97, -3*a - 2*q = 6 - t. List the prime factors of a.
23
Let d(g) = g**2 + 6*g + 21. Let n(b) = -2*b**2 - 11*b - 42. Let w(m) = 9*d(m) + 4*n(m). Let i be 12*4/(64/(-12)). What are the prime factors of w(i)?
2, 3
Suppose -44 = -5*r - 309. Let a = r + 55. Suppose -5*i - 308 = -a*c, -i + 445 = 2*c + c. List the prime factors of c.
149
Let m(p) = 63*p**3 - p**2 + 20*p - 8. What are the prime factors of m(5)?
2, 11, 19
Suppose 22*k - 1239 = -7. List the prime factors of (2262/(-1))/(-2) - (-55 + k).
2, 5, 113
Let c(f) be the second derivative of -f**5/20 + f**4/4 - f**2 + 18*f. Let o be c(2). List the prime factors of (15/6 - o)/(7/1120).
2, 5
Suppose h - b + 1756 = 4*h, 0 = h + 4*b - 589. Let r = 1497 - h. What are the prime factors of r?
2, 3, 19
Let u = 14018 + -7150. What are the prime factors of u?
2, 17, 101
Suppose 7*x - 12*x + 25 = 0. Let u(l) = -7*l**3 + 2*l**2 - 1. Let d be u(1). List the prime factors of (d/x)/(2/(-60)).
2, 3
Let v = -25 - -34. Suppose -347 = -10*n + v*n. Suppose 102 - n = -5*a. List the prime factors of a.
7
Let t be ((-534)/4)/(138/(-92)). Suppose -t*l = -82*l - 3304. What are the prime factors of l?
2, 59
What are the prime factors of (1 + (-368)/32)*(-2)/3 - -11951?
2, 3, 1993
Suppose 4*b - t = 1, b - 2*t + 9 = 4*b. Let i be (3 - b - 2)/(-2). Suppose 0 = 5*m - 4*j - 159, -4*m + i*m + 136 = -j. List the prime factors of m.
5, 7
Let h be (-9688)/(-104) + 4/(-26). Suppose -5*k + 0*k - 5*o = 135, -o = 4*k + h. Let t = 47 - k. What are the prime factors of t?
3, 23
Let j(u) = -16*u - 21. Let d = -26 - -16. Let v be j(d). Suppose -3*q - x + v = 0, -89 = -3*q + q + 3*x. List the prime factors of q.
2, 23
Let q(c) = 680*c**2 - 117*c - 17. What are the prime factors of q(5)?
2, 3, 911
Suppose 85*n - 112632 - 5688 = 0. What are the prime factors of n?
2, 3, 29
Suppose -155 = n - 4*a, -495 = 3*n - 3*a + a. Let q = -88 - n. What are the prime factors of q?
79
Let w = -110 + 174. Let i = w + -54. Let n(k) = 8*k - 35. List the prime factors of n(i).
3, 5
Let t(h) = 189*h - 1979. List the prime factors of t(61).
2, 5, 191
Let s(i) = 214*i**2 - 14*i + 48. List the prime factors of s(3).
2, 3, 7, 23
Let t = 10636 - 5955. List the prime factors of t.
31, 151
Let u be (20/4 - 4) + -1. Suppose -5*q + 33 - 18 = u. Suppose -5*h = q*l - 482, -3 = 2*l + l. List the prime factors of h.
97
Let m(d) = -2 + 10*d + 26*d - 11. Let v be m(9). Let q = v + -192. List the prime factors of q.
7, 17
List the prime factors of (-30*(-1262)/48)/((-2)/(-8)).
5, 631
Let x = 459 + -456. Suppose -9*g + 12*g - 1212 = -x*i, -2*i + 2*g = -804. List the prime factors of i.
13, 31
Let v = 7374 + -7370. Let y = -44 - -120. Suppose -2*p = 5*o - 166, 0*o + y = 2*o + v*p. What are the prime factors of o?
2
Let m = -28143 + 40333. List the prime factors of m.
2, 5, 23, 53
Let n(p) = -p**3 - 2*p**2 + 8*p + 4. Let g be n(-3). Let w = g - -18. Let c(q) = 2*q**2 + 7*q + 13. What are the prime factors of c(w)?
2, 5
Let i be (30/12)/((-3)/6). Let y(s) = s**3 + 5*s**2 - 4*s + 11. Let z be y(i). Let w = z + -29. What are the prime factors of w?
2
Suppose -28 = -2*l - 2. Let s = l + -7. Suppose c = -4*b + 61, -s*b - 86 = -2*c - 2*b. What are the prime factors of c?
7
Let c be 7/2*20/35. Suppose s + c*o + 0 + 3 = 0, 4*o + 31 = 3*s. Let w(p) = 16*p - 15. What are the prime factors of w(s)?
5, 13
Suppose 5*t = -4*q + 61, -3*q + 14*t - 12*t = -17. Let y(z) = z**2 + 14*z - 85. List the prime factors of y(q).
2, 61
Let n = 20708 - 14662. List the prime factors of n.
2, 3023
Suppose -3*w = 2*z - 130051, 43369 = 66*w - 65*w - 2*z. What are the prime factors of w?
5, 13, 23, 29
Let o(x) = -x**3 + 14*x**2 + 13*x + 32. Let i = 20 - 5. Let y be o(i). Suppose 4*q - 512 = -y*d - 2*d, 0 = -q - 1. What are the prime factors of d?
3, 43
Let t = 144 + -133. Suppose 9*n - 26080 = -t*n. List the prime factors of n.
2, 163
Let q(f) = 10*f**3 - f**2 + 19*f - 30. What are the prime factors of q(9)?
2, 3, 5, 7
What are the prime factors of (-17 - -30) + 13491 - -9?
13513
List the prime factors of 18252 + -10 - (-51)/(-17).
13, 23, 61
Let m be 26360/(-30)*(-9)/6. Suppose 2*z - o = m, -1314 = -0*z - 2*z + 2*o. What are the prime factors of z?
661
Let o(z) = z**3 - 5*z**2 + 7*z - 5. Let t be o(4). Suppose -t + 4 = -h. Suppose -h*j + 210 = -45. List the prime factors of j.
5, 17
Suppose -16*p + 22224 = -0*p. Suppose 2589 = 13*r - p. What are the prime factors of r?
2, 3, 17
Let f(j) = 211*j + 24. Let x be f(4). List the prime factors of ((-84)/(-8))/((-861)/x + 1).
2, 3, 7, 31
List the prime factors of 715816/104 + 0 + 38/247.
6883
What are the prime factors of 57543 + -4 - 1*((-40)/(-8) - 10)?
2, 7193
Let j(d) = 220*d**3 + d**2 + d - 2. Suppose 5*x - 2*t = -1, 3*x - 3*t + 2*t = 0. List the prime factors of j(x).
2, 5, 11
Let i be (-483210)/(-595) - 6/51. Let b = -422 + i. What are the prime factors of b?
2, 3, 5, 13
Let m(l) = -l**3 + 16*l**2 + 3*l - 14. Let t be (-2)/(-6) + (-564)/(-36). Let k be m(t). Let c = 143 - k. List the prime factors of c.
109
Let w = 647 + -300. Suppose b + 98 = -n + w, 2*n = -4*b + 506. Let k = -165 + n. List the prime factors of k.
2, 5
Let u(z) = -9*z**2 - z + 4. Let g be u(-2). Let a(l) = l + 96. Let c be a(g). Suppose 16*v - 15*v - c = 0. What are the prime factors of v?
2, 3, 11
Let h(d) = 30*d**2 + 2*d - 2. Let z be (-2)/6*8/(-24)*-27. List the prime factors of h(z).
2, 131
Suppose 618508 = 52*l - 279366 + 6906. List the prime factors of l.
2, 13, 659
Let m(v) = 268*v**3 - 